{"id":45,"date":"2021-10-19T12:00:48","date_gmt":"2021-10-19T10:00:48","guid":{"rendered":"https:\/\/clu-bollwiller.fr\/?page_id=45"},"modified":"2021-10-19T12:00:49","modified_gmt":"2021-10-19T10:00:49","slug":"reglement-du-centre","status":"publish","type":"page","link":"https:\/\/clu-bollwiller.fr\/index.php\/reglement-du-centre\/","title":{"rendered":"R\u00e8glement du centre"},"content":{"rendered":"\n<p>Le centre est ouvert de fa\u00e7on \u00e0 permettre la meilleure utilisation possible par les adh\u00e9rents.&nbsp;<\/p>\n\n\n\n<p>Le r\u00e8glement int\u00e9rieur pr\u00e9cise qu&rsquo;il est strictement interdit de travailler pour le compte d&rsquo;une tierce personne, \u00e9trang\u00e8re \u00e0 la famille de l&rsquo;utilisateur ou d&rsquo;ex\u00e9cuter des travaux r\u00e9mun\u00e9r\u00e9s \u00e0 titre productif.<\/p>\n\n\n\n<p>L&rsquo;association se r\u00e9serve le droit de contr\u00f4ler les travaux ex\u00e9cut\u00e9s au centre, sur place ou m\u00eame chez l&rsquo;utilisateur, et d&rsquo;entreprendre les poursuites judiciaires pr\u00e9vues par la l\u00e9gislation en cours.<\/p>\n\n\n\n<p>Le moniteur doit conseiller aux utilisateurs de faire leurs travaux eux-m\u00eames, \u00e0 l&rsquo;exception des op\u00e9rations aux machines dangereuses.<\/p>\n","protected":false},"excerpt":{"rendered":"<p>Le centre est ouvert de fa\u00e7on \u00e0 permettre la meilleure utilisation possible par les adh\u00e9rents.&nbsp; Le r\u00e8glement int\u00e9rieur pr\u00e9cise qu&rsquo;il est strictement interdit de travailler pour le compte d&rsquo;une tierce &#8230;<\/p>\n","protected":false},"author":1,"featured_media":0,"parent":0,"menu_order":0,"comment_status":"closed","ping_status":"closed","template":"","meta":[],"_links":{"self":[{"href":"https:\/\/clu-bollwiller.fr\/index.php\/wp-json\/wp\/v2\/pages\/45"}],"collection":[{"href":"https:\/\/clu-bollwiller.fr\/index.php\/wp-json\/wp\/v2\/pages"}],"about":[{"href":"https:\/\/clu-bollwiller.fr\/index.php\/wp-json\/wp\/v2\/types\/page"}],"author":[{"embeddable":true,"href":"https:\/\/clu-bollwiller.fr\/index.php\/wp-json\/wp\/v2\/users\/1"}],"replies":[{"embeddable":true,"href":"https:\/\/clu-bollwiller.fr\/index.php\/wp-json\/wp\/v2\/comments?post=45"}],"version-history":[{"count":1,"href":"https:\/\/clu-bollwiller.fr\/index.php\/wp-json\/wp\/v2\/pages\/45\/revisions"}],"predecessor-version":[{"id":46,"href":"https:\/\/clu-bollwiller.fr\/index.php\/wp-json\/wp\/v2\/pages\/45\/revisions\/46"}],"wp:attachment":[{"href":"https:\/\/clu-bollwiller.fr\/index.php\/wp-json\/wp\/v2\/media?parent=45"}],"curies":[{"name":"wp","href":"https:\/\/api.w.org\/{rel}","templated":true}]}}