{"id":39,"date":"2021-10-19T11:29:07","date_gmt":"2021-10-19T09:29:07","guid":{"rendered":"https:\/\/clu-bollwiller.fr\/?page_id=39"},"modified":"2022-01-24T11:06:50","modified_gmt":"2022-01-24T10:06:50","slug":"le-clu-menuiserie-pour-tous-pour-tous-les-niveaux","status":"publish","type":"page","link":"https:\/\/clu-bollwiller.fr\/","title":{"rendered":"Accueil"},"content":{"rendered":"\n<h1>Le CLU de Bollwiller :<br>la menuiserie pour tous<\/h1>\n\n\n\n<h2>Les ateliers du <em>Centre de loisirs utiles<\/em> sont ouverts \u00e0 tous ceux qui veulent pratiquer le travail du bois.<\/h2>\n\n\n\n<div class=\"wp-block-image is-style-default\"><figure class=\"alignleft size-medium is-resized\"><a href=\"https:\/\/www.youtube.com\/watch?v=PIRJyEuuqqs\" data-rel=\"lightbox-video-0\"><img src=\"https:\/\/clu-bollwiller.fr\/wp-content\/uploads\/2021\/10\/videoM2A-300x212.png\" alt=\"\" class=\"wp-image-70\" width=\"318\" srcset=\"https:\/\/clu-bollwiller.fr\/wp-content\/uploads\/2021\/10\/videoM2A-300x212.png 300w, https:\/\/clu-bollwiller.fr\/wp-content\/uploads\/2021\/10\/videoM2A-1024x723.png 1024w, https:\/\/clu-bollwiller.fr\/wp-content\/uploads\/2021\/10\/videoM2A-768x542.png 768w, https:\/\/clu-bollwiller.fr\/wp-content\/uploads\/2021\/10\/videoM2A.png 1083w\" sizes=\"(max-width: 300px) 100vw, 300px\" \/><\/a><figcaption><em>Vu \u00e0 la t\u00e9l\u00e9 ! St\u00e9phane Csiki pr\u00e9sente le CLU sur la cha\u00eene M2A<\/em><\/figcaption><\/figure><\/div>\n\n\n\n<p>Le centre compte actuellement environ 130 membres dont une quinzaine de femmes. Beaucoup proviennent des environs de Bollwiller pour des raisons historiques. Certains peuvent venir de tr\u00e8s loin pour travailler au CLU de Bollwiller, parfois sur leur temps de cong\u00e9.<br>La consommation annuelle de bois est d&rsquo;environ 33 m3, hors bois personnel.<\/p>\n\n\n\n<p>Le centre compte actuellement environ 130 membres dont une quinzaine de femmes. Beaucoup proviennent des environs de Bollwiller pour des raisons historiques. Certains peuvent venir de tr\u00e8s loin pour travailler au CLU de Bollwiller, parfois sur leur temps de cong\u00e9. La consommation annuelle de bois est d&rsquo;environ 33 m3, hors bois personnel.<\/p>\n\n\n\n<p>Gr\u00e2ce au mat\u00e9riel professionnel performant et complet dont dispose le centre, \u00e0 la pr\u00e9sence d&rsquo;un moniteur professionnel, et \u00e0 l&rsquo;entraide entre les membres, vous apprendrez \u00e0 r\u00e9aliser, par vous-m\u00eame, vos projets qu&rsquo;ils soient d&rsquo;ordre utiles ou artistiques ; des projets d\u00e9fiant votre imagination\u2026 <\/p>\n\n\n\n<p>De plus, l&rsquo;association permet l&rsquo;\u00e9panouissement artistique en vous donnant la possibilit\u00e9 d&rsquo;exprimer toutes vos facult\u00e9s cr\u00e9atrices.<br>Parmi ces missions clairement sociales, le CLU de Bollwiller poursuit depuis plusieurs ann\u00e9es sous l&rsquo;\u00e9gide du moniteur des actions en direction des jeunes et des personnes handicap\u00e9es. Ainsi, des enfants des \u00e9coles viennent au CLU s&rsquo;initier \u00e0 la menuiserie.<\/p>\n","protected":false},"excerpt":{"rendered":"<p>Le CLU de Bollwiller :la menuiserie pour tous Les ateliers du Centre de loisirs utiles sont ouverts \u00e0 tous ceux qui veulent pratiquer le travail du bois. Le centre compte &#8230;<\/p>\n","protected":false},"author":1,"featured_media":0,"parent":0,"menu_order":0,"comment_status":"closed","ping_status":"closed","template":"","meta":[],"_links":{"self":[{"href":"https:\/\/clu-bollwiller.fr\/index.php\/wp-json\/wp\/v2\/pages\/39"}],"collection":[{"href":"https:\/\/clu-bollwiller.fr\/index.php\/wp-json\/wp\/v2\/pages"}],"about":[{"href":"https:\/\/clu-bollwiller.fr\/index.php\/wp-json\/wp\/v2\/types\/page"}],"author":[{"embeddable":true,"href":"https:\/\/clu-bollwiller.fr\/index.php\/wp-json\/wp\/v2\/users\/1"}],"replies":[{"embeddable":true,"href":"https:\/\/clu-bollwiller.fr\/index.php\/wp-json\/wp\/v2\/comments?post=39"}],"version-history":[{"count":11,"href":"https:\/\/clu-bollwiller.fr\/index.php\/wp-json\/wp\/v2\/pages\/39\/revisions"}],"predecessor-version":[{"id":325,"href":"https:\/\/clu-bollwiller.fr\/index.php\/wp-json\/wp\/v2\/pages\/39\/revisions\/325"}],"wp:attachment":[{"href":"https:\/\/clu-bollwiller.fr\/index.php\/wp-json\/wp\/v2\/media?parent=39"}],"curies":[{"name":"wp","href":"https:\/\/api.w.org\/{rel}","templated":true}]}}