{"id":217,"date":"2021-10-20T11:19:57","date_gmt":"2021-10-20T09:19:57","guid":{"rendered":"https:\/\/clu-bollwiller.fr\/?page_id=217"},"modified":"2022-01-24T11:24:12","modified_gmt":"2022-01-24T10:24:12","slug":"decoration","status":"publish","type":"page","link":"https:\/\/clu-bollwiller.fr\/index.php\/decoration\/","title":{"rendered":"D\u00e9coration"},"content":{"rendered":"\n<p>V\u00e9ronique accueille les personnes qui souhaitent cr\u00e9er leur d\u00e9coration en bois, ou de petits objets de la vie courante, <strong>les jeudis, de 17 \u00e0 19 heures.<\/strong> L&rsquo;atelier &lsquo;d\u00e9coration&rsquo; se d\u00e9roule dans deux pi\u00e8ces situ\u00e9es \u00e0 l&rsquo;\u00e9tage. La cr\u00e9ation, la d\u00e9coupe, le pon\u00e7age seront r\u00e9alis\u00e9s gr\u00e2ce \u00e0 de l&rsquo;outillage adapt\u00e9.<\/p>\n\n\n\n<p>Un atelier particuli\u00e8rement attractif pour ceux qui n&rsquo;osent pas encore se lancer dans la fabrication de meubles. Cet atelier est une premi\u00e8re \u00e9tape dans le travail du bois.<\/p>\n\n\n\n<p><\/p>\n\n\n\n<p>Dans l&rsquo;esprit du CLU, une saine \u00e9mulation est toujours pr\u00e9sente entre les membres, et une nouvelle cr\u00e9ation peut d\u00e9boucher sur des id\u00e9es nouvelles pour d&rsquo;autres membres&#8230;  tel le cheval \u00e0 bascule r\u00e9alis\u00e9 initialement par le moniteur pour le premier anniversaire de sa fille et dont la base est r\u00e9guli\u00e8rement reprise pour de merveilleux cadeaux \u00e0 faire \u00e0 un enfant ou petit-enfant.<\/p>\n\n\n\n<p>Au CLU coexiste aussi une belle compl\u00e9mentarit\u00e9 entre divers m\u00e9tiers artistiques, comme par exemple la r\u00e9alisation de supports en bois adapt\u00e9s pour mettre en valeur des pi\u00e8ces en c\u00e9ramiques &#8230; avec le bois, tout est possible&#8230;. <\/p>\n\n\n\n<div class=\"wp-block-responsive-lightbox-gallery\"><div class=\"rl-gallery-container rl-loading\" id=\"rl-gallery-container-1\" data-gallery_id=\"142\"> <div class=\"rl-gallery rl-basicgrid-gallery \" id=\"rl-gallery-1\" data-gallery_no=\"1\"> <div class=\"rl-gallery-item\"><a href=\"https:\/\/clu-bollwiller.fr\/wp-content\/uploads\/2021\/10\/sergeheckmann144739-scaled.jpg\" title=\"\" data-rl_title=\"\" class=\"rl-gallery-link\" data-rl_caption=\"\" data-rel=\"lightbox-gallery-1\"><img src=\"https:\/\/clu-bollwiller.fr\/wp-content\/uploads\/2021\/10\/sergeheckmann144739-169x300.jpg\" width=\"169\" height=\"300\" \/><\/a><\/div><div class=\"rl-gallery-item\"><a href=\"https:\/\/clu-bollwiller.fr\/wp-content\/uploads\/2021\/10\/sergeheckmann153515-scaled.jpg\" title=\"\" data-rl_title=\"\" class=\"rl-gallery-link\" data-rl_caption=\"\" data-rel=\"lightbox-gallery-1\"><img src=\"https:\/\/clu-bollwiller.fr\/wp-content\/uploads\/2021\/10\/sergeheckmann153515-169x300.jpg\" width=\"169\" height=\"300\" \/><\/a><\/div><div class=\"rl-gallery-item\"><a href=\"https:\/\/clu-bollwiller.fr\/wp-content\/uploads\/2021\/10\/sergeheckmann181823-scaled.jpg\" title=\"\" data-rl_title=\"\" class=\"rl-gallery-link\" data-rl_caption=\"\" data-rel=\"lightbox-gallery-1\"><img src=\"https:\/\/clu-bollwiller.fr\/wp-content\/uploads\/2021\/10\/sergeheckmann181823-169x300.jpg\" width=\"169\" height=\"300\" \/><\/a><\/div><div class=\"rl-gallery-item\"><a href=\"https:\/\/clu-bollwiller.fr\/wp-content\/uploads\/2021\/10\/sergeheckmann182140-scaled.jpg\" title=\"\" data-rl_title=\"\" class=\"rl-gallery-link\" data-rl_caption=\"\" data-rel=\"lightbox-gallery-1\"><img src=\"https:\/\/clu-bollwiller.fr\/wp-content\/uploads\/2021\/10\/sergeheckmann182140-169x300.jpg\" width=\"169\" height=\"300\" \/><\/a><\/div><div class=\"rl-gallery-item\"><a href=\"https:\/\/clu-bollwiller.fr\/wp-content\/uploads\/2021\/10\/550_004.jpg\" title=\"\" data-rl_title=\"\" class=\"rl-gallery-link\" data-rl_caption=\"\" data-rel=\"lightbox-gallery-1\"><img src=\"https:\/\/clu-bollwiller.fr\/wp-content\/uploads\/2021\/10\/550_004-300x226.jpg\" width=\"300\" height=\"226\" \/><\/a><\/div><div class=\"rl-gallery-item\"><a href=\"https:\/\/clu-bollwiller.fr\/wp-content\/uploads\/2021\/10\/550_013.jpg\" title=\"\" data-rl_title=\"\" class=\"rl-gallery-link\" data-rl_caption=\"\" data-rel=\"lightbox-gallery-1\"><img src=\"https:\/\/clu-bollwiller.fr\/wp-content\/uploads\/2021\/10\/550_013-300x143.jpg\" width=\"300\" height=\"143\" \/><\/a><\/div><div class=\"rl-gallery-item\"><a href=\"https:\/\/clu-bollwiller.fr\/wp-content\/uploads\/2021\/10\/az200_WA0000.jpg\" title=\"\" data-rl_title=\"\" class=\"rl-gallery-link\" data-rl_caption=\"\" data-rel=\"lightbox-gallery-1\"><img src=\"https:\/\/clu-bollwiller.fr\/wp-content\/uploads\/2021\/10\/az200_WA0000.jpg\" width=\"200\" height=\"267\" \/><\/a><\/div><div class=\"rl-gallery-item\"><a href=\"https:\/\/clu-bollwiller.fr\/wp-content\/uploads\/2021\/10\/clunoel-scaled.jpg\" title=\"\" data-rl_title=\"\" class=\"rl-gallery-link\" data-rl_caption=\"\" data-rel=\"lightbox-gallery-1\"><img src=\"https:\/\/clu-bollwiller.fr\/wp-content\/uploads\/2021\/10\/clunoel-300x225.jpg\" width=\"300\" height=\"225\" \/><\/a><\/div><div class=\"rl-gallery-item\"><a href=\"https:\/\/clu-bollwiller.fr\/wp-content\/uploads\/2021\/10\/pict3862_490.jpg\" title=\"\" data-rl_title=\"\" class=\"rl-gallery-link\" data-rl_caption=\"\" data-rel=\"lightbox-gallery-1\"><img src=\"https:\/\/clu-bollwiller.fr\/wp-content\/uploads\/2021\/10\/pict3862_490-225x300.jpg\" width=\"225\" height=\"300\" \/><\/a><\/div><div class=\"rl-gallery-item\"><a href=\"https:\/\/clu-bollwiller.fr\/wp-content\/uploads\/2021\/10\/pict3863_490.jpg\" title=\"\" data-rl_title=\"\" class=\"rl-gallery-link\" data-rl_caption=\"\" data-rel=\"lightbox-gallery-1\"><img src=\"https:\/\/clu-bollwiller.fr\/wp-content\/uploads\/2021\/10\/pict3863_490-300x225.jpg\" width=\"300\" height=\"225\" \/><\/a><\/div><div class=\"rl-gallery-item\"><a href=\"https:\/\/clu-bollwiller.fr\/wp-content\/uploads\/2021\/10\/pict3864-490.jpg\" title=\"\" data-rl_title=\"\" class=\"rl-gallery-link\" data-rl_caption=\"\" data-rel=\"lightbox-gallery-1\"><img src=\"https:\/\/clu-bollwiller.fr\/wp-content\/uploads\/2021\/10\/pict3864-490-225x300.jpg\" width=\"225\" height=\"300\" \/><\/a><\/div><div class=\"rl-gallery-item\"><a href=\"https:\/\/clu-bollwiller.fr\/wp-content\/uploads\/2021\/10\/pict3866_490.jpg\" title=\"\" data-rl_title=\"\" class=\"rl-gallery-link\" data-rl_caption=\"\" data-rel=\"lightbox-gallery-1\"><img src=\"https:\/\/clu-bollwiller.fr\/wp-content\/uploads\/2021\/10\/pict3866_490-225x300.jpg\" width=\"225\" height=\"300\" \/><\/a><\/div><div class=\"rl-gallery-item\"><a href=\"https:\/\/clu-bollwiller.fr\/wp-content\/uploads\/2021\/10\/pict3867_490.jpg\" title=\"\" data-rl_title=\"\" class=\"rl-gallery-link\" data-rl_caption=\"\" data-rel=\"lightbox-gallery-1\"><img src=\"https:\/\/clu-bollwiller.fr\/wp-content\/uploads\/2021\/10\/pict3867_490-300x225.jpg\" width=\"300\" height=\"225\" \/><\/a><\/div><div class=\"rl-gallery-item\"><a href=\"https:\/\/clu-bollwiller.fr\/wp-content\/uploads\/2021\/10\/pict3870_490.jpg\" title=\"\" data-rl_title=\"\" class=\"rl-gallery-link\" data-rl_caption=\"\" data-rel=\"lightbox-gallery-1\"><img src=\"https:\/\/clu-bollwiller.fr\/wp-content\/uploads\/2021\/10\/pict3870_490-300x225.jpg\" width=\"300\" height=\"225\" \/><\/a><\/div><div class=\"rl-gallery-item\"><a href=\"https:\/\/clu-bollwiller.fr\/wp-content\/uploads\/2021\/10\/pict3871_490.jpg\" title=\"\" data-rl_title=\"\" class=\"rl-gallery-link\" data-rl_caption=\"\" data-rel=\"lightbox-gallery-1\"><img src=\"https:\/\/clu-bollwiller.fr\/wp-content\/uploads\/2021\/10\/pict3871_490-300x225.jpg\" width=\"300\" height=\"225\" \/><\/a><\/div><div class=\"rl-gallery-item\"><a href=\"https:\/\/clu-bollwiller.fr\/wp-content\/uploads\/2021\/10\/pict3872_490.jpg\" title=\"\" data-rl_title=\"\" class=\"rl-gallery-link\" data-rl_caption=\"\" data-rel=\"lightbox-gallery-1\"><img src=\"https:\/\/clu-bollwiller.fr\/wp-content\/uploads\/2021\/10\/pict3872_490-300x225.jpg\" width=\"300\" height=\"225\" \/><\/a><\/div><div class=\"rl-gallery-item\"><a href=\"https:\/\/clu-bollwiller.fr\/wp-content\/uploads\/2021\/10\/pict3897_490.jpg\" title=\"\" data-rl_title=\"\" class=\"rl-gallery-link\" data-rl_caption=\"\" data-rel=\"lightbox-gallery-1\"><img src=\"https:\/\/clu-bollwiller.fr\/wp-content\/uploads\/2021\/10\/pict3897_490-300x225.jpg\" width=\"300\" height=\"225\" \/><\/a><\/div><div class=\"rl-gallery-item\"><a href=\"https:\/\/clu-bollwiller.fr\/wp-content\/uploads\/2021\/10\/pict3900_490.jpg\" title=\"\" data-rl_title=\"\" class=\"rl-gallery-link\" data-rl_caption=\"\" data-rel=\"lightbox-gallery-1\"><img src=\"https:\/\/clu-bollwiller.fr\/wp-content\/uploads\/2021\/10\/pict3900_490-300x225.jpg\" width=\"300\" height=\"225\" \/><\/a><\/div><div class=\"rl-gallery-item\"><a href=\"https:\/\/clu-bollwiller.fr\/wp-content\/uploads\/2021\/10\/pict3913_650.jpg\" title=\"\" data-rl_title=\"\" class=\"rl-gallery-link\" data-rl_caption=\"\" data-rel=\"lightbox-gallery-1\"><img src=\"https:\/\/clu-bollwiller.fr\/wp-content\/uploads\/2021\/10\/pict3913_650-300x225.jpg\" width=\"300\" height=\"225\" \/><\/a><\/div><div class=\"rl-gallery-item\"><a href=\"https:\/\/clu-bollwiller.fr\/wp-content\/uploads\/2021\/10\/sergeheckmann111408-scaled.jpg\" title=\"\" data-rl_title=\"\" class=\"rl-gallery-link\" data-rl_caption=\"\" data-rel=\"lightbox-gallery-1\"><img src=\"https:\/\/clu-bollwiller.fr\/wp-content\/uploads\/2021\/10\/sergeheckmann111408-300x169.jpg\" width=\"300\" height=\"169\" \/><\/a><\/div><div class=\"rl-gallery-item\"><a href=\"https:\/\/clu-bollwiller.fr\/wp-content\/uploads\/2021\/10\/sergeheckmann144328-scaled.jpg\" title=\"\" data-rl_title=\"\" class=\"rl-gallery-link\" data-rl_caption=\"\" data-rel=\"lightbox-gallery-1\"><img src=\"https:\/\/clu-bollwiller.fr\/wp-content\/uploads\/2021\/10\/sergeheckmann144328-300x169.jpg\" width=\"300\" height=\"169\" \/><\/a><\/div><div class=\"rl-gallery-item\"><a href=\"https:\/\/clu-bollwiller.fr\/wp-content\/uploads\/2021\/10\/sergeheckmann144623-scaled.jpg\" title=\"\" data-rl_title=\"\" class=\"rl-gallery-link\" data-rl_caption=\"\" data-rel=\"lightbox-gallery-1\"><img src=\"https:\/\/clu-bollwiller.fr\/wp-content\/uploads\/2021\/10\/sergeheckmann144623-169x300.jpg\" width=\"169\" height=\"300\" \/><\/a><\/div><div class=\"rl-gallery-item\"><a href=\"https:\/\/clu-bollwiller.fr\/wp-content\/uploads\/2021\/10\/sergeheckmann144649.jpg\" title=\"\" data-rl_title=\"\" class=\"rl-gallery-link\" data-rl_caption=\"\" data-rel=\"lightbox-gallery-1\"><img src=\"https:\/\/clu-bollwiller.fr\/wp-content\/uploads\/2021\/10\/sergeheckmann144649-220x300.jpg\" width=\"220\" height=\"300\" \/><\/a><\/div> <\/div> <\/div><\/div>\n\n\n\n<p><\/p>\n","protected":false},"excerpt":{"rendered":"<p>V\u00e9ronique accueille les personnes qui souhaitent cr\u00e9er leur d\u00e9coration en bois, ou de petits objets de la vie courante, les jeudis, de 17 \u00e0 19 heures. L&rsquo;atelier &lsquo;d\u00e9coration&rsquo; se d\u00e9roule &#8230;<\/p>\n","protected":false},"author":1,"featured_media":0,"parent":0,"menu_order":0,"comment_status":"closed","ping_status":"closed","template":"","meta":[],"_links":{"self":[{"href":"https:\/\/clu-bollwiller.fr\/index.php\/wp-json\/wp\/v2\/pages\/217"}],"collection":[{"href":"https:\/\/clu-bollwiller.fr\/index.php\/wp-json\/wp\/v2\/pages"}],"about":[{"href":"https:\/\/clu-bollwiller.fr\/index.php\/wp-json\/wp\/v2\/types\/page"}],"author":[{"embeddable":true,"href":"https:\/\/clu-bollwiller.fr\/index.php\/wp-json\/wp\/v2\/users\/1"}],"replies":[{"embeddable":true,"href":"https:\/\/clu-bollwiller.fr\/index.php\/wp-json\/wp\/v2\/comments?post=217"}],"version-history":[{"count":4,"href":"https:\/\/clu-bollwiller.fr\/index.php\/wp-json\/wp\/v2\/pages\/217\/revisions"}],"predecessor-version":[{"id":331,"href":"https:\/\/clu-bollwiller.fr\/index.php\/wp-json\/wp\/v2\/pages\/217\/revisions\/331"}],"wp:attachment":[{"href":"https:\/\/clu-bollwiller.fr\/index.php\/wp-json\/wp\/v2\/media?parent=217"}],"curies":[{"name":"wp","href":"https:\/\/api.w.org\/{rel}","templated":true}]}}