{"id":115,"date":"2021-10-19T18:35:48","date_gmt":"2021-10-19T16:35:48","guid":{"rendered":"https:\/\/clu-bollwiller.fr\/?page_id=115"},"modified":"2021-10-20T17:36:48","modified_gmt":"2021-10-20T15:36:48","slug":"lesprit-clu-2","status":"publish","type":"page","link":"https:\/\/clu-bollwiller.fr\/index.php\/lesprit-clu-2\/","title":{"rendered":"L&rsquo;esprit CLU"},"content":{"rendered":"\n<p>En 1956, les Mines de potasse d&rsquo;Alsace (MDPA) ont fond\u00e9 plusieurs centres sociaux ayant pour but de permettre \u00e0 leurs employ\u00e9s l&rsquo;acc\u00e8s \u00e0 des ateliers. Ces Centres de loisirs utiles (CLU) mettaient \u00e0 disposition des mat\u00e9riels et un encadrement professionnels pour produire des objets en bois ou en fer forg\u00e9. L&rsquo;id\u00e9e initiale de ces centres \u00e9tait de permettre \u00e0 chacun de r\u00e9aliser des meubles. D&rsquo;une part, cela rendait accessibles des meubles trop chers dans le commerce et d&rsquo;autre part, cela mettait en valeur le travail de chacun.<\/p>\n\n\n\n<p>Le Clu de Bollwiller s&rsquo;est ouvert tr\u00e8s t\u00f4t aux membres ext\u00e9rieurs aux MDPA, permettant \u00e0 tout un chacun de fabriquer des objets utiles ou artistiques en bois.<\/p>\n\n\n\n<div class=\"wp-block-responsive-lightbox-gallery\"><div class=\"rl-gallery-container rl-loading\" id=\"rl-gallery-container-1\" data-gallery_id=\"261\"> <div class=\"rl-gallery rl-basicgrid-gallery \" id=\"rl-gallery-1\" data-gallery_no=\"1\"> <div class=\"rl-gallery-item\"><a href=\"https:\/\/clu-bollwiller.fr\/wp-content\/uploads\/2021\/10\/550_9680-1.jpg\" title=\"\" data-rl_title=\"\" class=\"rl-gallery-link\" data-rl_caption=\"\" data-rel=\"lightbox-gallery-1\"><img src=\"https:\/\/clu-bollwiller.fr\/wp-content\/uploads\/2021\/10\/550_9680-1-300x226.jpg\" width=\"300\" height=\"226\" \/><\/a><\/div><div class=\"rl-gallery-item\"><a href=\"https:\/\/clu-bollwiller.fr\/wp-content\/uploads\/2021\/10\/DSCF4501-scaled.jpg\" title=\"\" data-rl_title=\"\" class=\"rl-gallery-link\" data-rl_caption=\"\" data-rel=\"lightbox-gallery-1\"><img src=\"https:\/\/clu-bollwiller.fr\/wp-content\/uploads\/2021\/10\/DSCF4501-300x225.jpg\" width=\"300\" height=\"225\" \/><\/a><\/div><div class=\"rl-gallery-item\"><a href=\"https:\/\/clu-bollwiller.fr\/wp-content\/uploads\/2021\/10\/550_5-1.jpg\" title=\"\" data-rl_title=\"\" class=\"rl-gallery-link\" data-rl_caption=\"\" data-rel=\"lightbox-gallery-1\"><img src=\"https:\/\/clu-bollwiller.fr\/wp-content\/uploads\/2021\/10\/550_5-1-300x226.jpg\" width=\"300\" height=\"226\" \/><\/a><\/div><div class=\"rl-gallery-item\"><a href=\"https:\/\/clu-bollwiller.fr\/wp-content\/uploads\/2021\/10\/550_6542-2.jpg\" title=\"\" data-rl_title=\"\" class=\"rl-gallery-link\" data-rl_caption=\"\" data-rel=\"lightbox-gallery-1\"><img src=\"https:\/\/clu-bollwiller.fr\/wp-content\/uploads\/2021\/10\/550_6542-2-300x200.jpg\" width=\"300\" height=\"200\" \/><\/a><\/div><div class=\"rl-gallery-item\"><a href=\"https:\/\/clu-bollwiller.fr\/wp-content\/uploads\/2021\/10\/550_9667-1.jpg\" title=\"\" data-rl_title=\"\" class=\"rl-gallery-link\" data-rl_caption=\"\" data-rel=\"lightbox-gallery-1\"><img src=\"https:\/\/clu-bollwiller.fr\/wp-content\/uploads\/2021\/10\/550_9667-1-300x226.jpg\" width=\"300\" height=\"226\" \/><\/a><\/div> <\/div> <\/div><\/div>\n\n\n\n<p>M\u00eame si vous n&rsquo;\u00eates pas bricoleur, le Clu vous initie aux m\u00e9thodes de menuiserie, tournage sur bois, \u00e9b\u00e9nisterie, plaquage ou marqueterie. Il suffit de\u2026 savoir par quel bout attraper un marteau.<br>Il faut aussi avoir le sens de l&rsquo;entraide. En effet, m\u00eame si le moniteur, professionnel, est l\u00e0 pour apprendre le fonctionnement de chaque machine, conseiller sur les plans et la r\u00e9alisation, les membres de cette association s&rsquo;entraident beaucoup. C&rsquo;est ce que les gens ont appel\u00e9 \u00ab\u00a0l&rsquo;esprit Clu\u00a0\u00bb. En cas de planches trop lourdes, de questions techniques, de besoins de 3\u00e8me main, il y aura toujours quelqu&rsquo;un pour vous aider spontan\u00e9ment.<br>Cet esprit de solidarit\u00e9, h\u00e9ritage de celui des mineurs de potasse, est une valeur fondatrice de ce centre.<\/p>\n","protected":false},"excerpt":{"rendered":"<p>En 1956, les Mines de potasse d&rsquo;Alsace (MDPA) ont fond\u00e9 plusieurs centres sociaux ayant pour but de permettre \u00e0 leurs employ\u00e9s l&rsquo;acc\u00e8s \u00e0 des ateliers. Ces Centres de loisirs utiles &#8230;<\/p>\n","protected":false},"author":1,"featured_media":0,"parent":0,"menu_order":0,"comment_status":"closed","ping_status":"closed","template":"","meta":[],"_links":{"self":[{"href":"https:\/\/clu-bollwiller.fr\/index.php\/wp-json\/wp\/v2\/pages\/115"}],"collection":[{"href":"https:\/\/clu-bollwiller.fr\/index.php\/wp-json\/wp\/v2\/pages"}],"about":[{"href":"https:\/\/clu-bollwiller.fr\/index.php\/wp-json\/wp\/v2\/types\/page"}],"author":[{"embeddable":true,"href":"https:\/\/clu-bollwiller.fr\/index.php\/wp-json\/wp\/v2\/users\/1"}],"replies":[{"embeddable":true,"href":"https:\/\/clu-bollwiller.fr\/index.php\/wp-json\/wp\/v2\/comments?post=115"}],"version-history":[{"count":3,"href":"https:\/\/clu-bollwiller.fr\/index.php\/wp-json\/wp\/v2\/pages\/115\/revisions"}],"predecessor-version":[{"id":267,"href":"https:\/\/clu-bollwiller.fr\/index.php\/wp-json\/wp\/v2\/pages\/115\/revisions\/267"}],"wp:attachment":[{"href":"https:\/\/clu-bollwiller.fr\/index.php\/wp-json\/wp\/v2\/media?parent=115"}],"curies":[{"name":"wp","href":"https:\/\/api.w.org\/{rel}","templated":true}]}}